01 = -5*w. Let l be (3/(-6) - 4/(-12))*(-9 - 489). What is the highest common divisor of l and w?
83
Suppose 0 = 7*n + 4*p - 529, -61 + 289 = 3*n + 3*p. Calculate the highest common factor of n and 420.
15
Let l(k) = -6*k - 16. Let a be l(-7). Suppose -5*u + 119 + a = 0. Suppose -u = d - 173. Calculate the greatest common divisor of 18 and d.
18
Let s(o) = -10*o + 4 + 8 - 4*o + 10 + 3*o**2. Let i be s(11). What is the highest common factor of i and 21?
21
Let n(i) = 268*i + 9888. Let k be n(-30). Calculate the highest common divisor of k and 189.
21
Let w(t) = 136 - 22 - t**2 + 0*t**2 - 7 + 20*t + 2*t**2. Let v be w(-13). Let p be 1 + -1*(2 + -17). What is the greatest common factor of v and p?
16
Let t = 18 + -2. Let c(f) = -f**3 + 7*f**2 + 77*f + 21. Let p be c(11). What is the highest common factor of t and p?
16
Let x be (365 - 377) + (1 + 0 - -361). Let b(h) = -2*h - 13. Let t be b(-10). What is the highest common divisor of x and t?
7
Let x(v) = -v**2 - 9*v - 19. Let m be x(-12). Let b = -25 - m. Let n = b + -23. What is the greatest common divisor of 35 and n?
7
Suppose -5*g = 2*g + 4*g. Suppose 2 = 3*f - f, g = 2*u + 3*f - 33. What is the highest common divisor of 225 and u?
15
Let s(n) = -333*n - 3. Let f be s(-3). Suppose 7*g - g = -f. Let u = g + 299. What is the greatest common factor of 19 and u?
19
Suppose -4*c + 17 = 5. Suppose -4*w - 7 = -c. Let b(u) = -36*u**3 - 2*u**2 - 4*u - 2. Let d be b(w). What is the highest common factor of d and 6?
6
Let x = 3346 + -3199. Calculate the highest common divisor of x and 1813.
49
Let g(l) = -l**3 - 5*l**2 + 206*l + 41. Let u be g(-18). What is the highest common factor of u and 109?
109
Let d = -1826 + 1838. What is the greatest common factor of d and 2172?
12
Let b(s) = 25*s**2 - 3*s + 2. Suppose 10 = -28*i + 38*i. Let q be b(i). What is the greatest common divisor of q and 216?
24
Let u = 2881 - 2849. Calculate the highest common divisor of u and 2592.
32
Let g = -51 - -54. Let t(z) = -7 + 4*z**2 - 6 + 3*z - 5*z + 5*z. Let h be t(g). What is the highest common divisor of h and 4?
4
Let g be (66/5)/(3/10). Let z be (g/6)/(12/18). Let i be (-297)/18*4/(-6). What is the greatest common factor of i and z?
11
Suppose -2*n + 35 = -13. Suppose 0 = 1195*w - 1197*w + 3*m + 483, 0 = -3*w + 5*m + 731. What is the highest common divisor of w and n?
6
Suppose -607 = -22*b + 493. Let y = 11 - -9. Calculate the greatest common factor of b and y.
10
Suppose -510 = -2*s + 5*t, 20*s - 25*s - 5*t + 1170 = 0. Calculate the greatest common factor of 144 and s.
48
Let v = -2056 + 2091. What is the highest common divisor of v and 504?
7
Let u = 140 + -95. Suppose 0 = 4*g + g - u. Suppose 3*j = n - 0*j - 27, -3*n + j + 105 = 0. What is the highest common divisor of g and n?
9
Suppose -4*o + 15 = -o. Suppose 5*t + 11*b - 6*b + 3080 = 0, -3*b = o*t + 3080. Let g = -421 - t. What is the greatest common factor of g and 39?
39
Let q be (1976/(-95) - -20)*-2*970. Calculate the highest common factor of 291 and q.
97
Let i(p) = p**2 - 169*p + 6762. Let c be i(104). Let l(v) = -22*v - 1. Let n be l(4). Let h = -55 - n. What is the greatest common factor of h and c?
2
Suppose 5*k + t + 3*t - 82 = 0, -14*t = 3*k + 32. Calculate the greatest common divisor of 1738 and k.
22
Let j = 42 - 39. Let z(o) = -2 + 3*o**2 - 76*o + 4 + o**j + 74*o. Let x be z(3). What is the greatest common divisor of x and 20?
10
Suppose -5*q + 9944 = -4*d, 3*d - 6*d + 5934 = 3*q. What is the highest common divisor of 186 and q?
62
Let s(v) = v**2 - 19*v - 101. Let y be s(23). Let u(x) = x**3 + 11*x**2 + 3*x - 35. Let l be u(y). Calculate the greatest common factor of l and 550.
50
Suppose 31 = 5*u + j + 2, -5*u + 37 = 3*j. Suppose -3*m - 132 = -m - 4*c, c - u = 0. Let p be m/((-3)/(3 + 0)). What is the greatest common factor of 14 and p?
14
Suppose -2*g - 10738 + 3068 = -2*t, t = 4*g + 3820. Suppose t = 21*q + 39*q. Calculate the greatest common factor of 128 and q.
64
Suppose -59 = -g - 11. Let l = 64 + g. Calculate the greatest common factor of 14 and l.
14
Let m(t) = t**2 + 100*t - 2720. Let h be m(-128). What is the greatest common factor of h and 2208?
96
Let d = -405066 + 405318. Let j be (-6812)/(-36) + 4/(-18). Calculate the highest common divisor of d and j.
63
Let d(c) = -c**3 + 3*c**2 + 6*c + 4. Let h be d(7). Let r = h + 234. Suppose -r = -w + 103. What is the highest common divisor of w and 17?
17
Suppose q + j = -0*j - 148, -5*q = 3*j + 750. Let m = q + 214. Suppose -w + 9*d - 11*d = -181, d + 733 = 4*w. Calculate the greatest common factor of w and m.
61
Let i = 8334 - 7286. Calculate the greatest common factor of 16 and i.
8
Let q = -442 - -439. Let o be (-12780)/(-18) - (0 + q). What is the greatest common factor of o and 23?
23
Let u = 19 - 42. Let v = u - -20. Let w(p) = p**3 + 7*p**2 + 3*p + 1. Let h be w(v). What is the greatest common divisor of h and 70?
14
Let z be (-35)/14*-4*12. Let k = z - 84. Calculate the greatest common factor of k and 84.
12
Suppose 0 = -6*q + 27*q - 1071. Suppose 0 = -79*n + 76*n + q. What is the highest common divisor of n and 221?
17
Let b be (6 + -107)/((-6)/60*2*1). Calculate the greatest common factor of 2323 and b.
101
Let m be (-7 + 1)*51/(-9). Let v = -1483 + 1487. Suppose -2*t = -2*w - 4*t + 748, 0 = -v*w + 2*t + 1496. What is the highest common divisor of m and w?
34
Let k(a) be the third derivative of a**5/60 - a**4/3 + 19*a**3/3 + 2*a**2. Let j be k(5). Calculate the greatest common divisor of j and 46.
23
Suppose -5*z - t + 80 = -4*t, 3*z = -5*t + 48. Let y = -120 - -264. Let p = y + -64. What is the greatest common factor of p and z?
16
Let p be 6/9*49 - 2/3. Let m be (-14)/(-6) + p/12 + -3. Suppose -18*s = -21 - 15. What is the greatest common factor of s and m?
2
Suppose -3*j + 7 = -59. Let y = 6870 + -6496. Calculate the highest common divisor of y and j.
22
Suppose -10*h = -9*h - 16. Suppose 4*y + 5 = 9. Let v = 5 - y. Calculate the greatest common divisor of h and v.
4
Let f = -9 + 21. Let t be (-2)/(-6)*(1 + (0 - -44)). What is the greatest common factor of t and f?
3
Let w(h) = -2*h**3 + 18*h**2 - 10*h - 10. Let g be w(-15). What is the greatest common divisor of g and 20?
20
Let c(n) be the first derivative of n**4/4 + n**3 - 2*n**2 + 15*n - 13. Let i be c(6). Calculate the highest common factor of i and 35.
35
Suppose 0 = 129*w - 6702 - 14970. Suppose -17 = -6*u + 19. Calculate the highest common factor of w and u.
6
Let w = -293 + 328. Let g be 33*4/(60/w). Calculate the highest common factor of g and 22.
11
Let j = -616 + 666. Calculate the highest common factor of 370 and j.
10
Suppose -91*h + 671692 - 179200 = 0. What is the highest common divisor of 33 and h?
33
Let g(i) = -29 + 33 + 59 + 2*i. Let z be g(-16). Let s be (8/10)/((-4)/(-310)). Calculate the greatest common divisor of z and s.
31
Let u(v) = -8*v**3 - v**2 + v - 2. Let x be u(-2). Suppose 5*t + 4*y = 74, t - 15 = 1803*y - 1804*y. Calculate the highest common factor of x and t.
14
Let c(u) = 7*u**2 - 71*u - 738. Let m be c(-21). What is the highest common divisor of 12 and m?
12
Suppose -5*n - 5165 = -4*j, 3*j - 4*j + 1293 = -3*n. Suppose 3*y = -12*y + j. What is the greatest common factor of y and 774?
86
Suppose -o = 4*c - 19, 5*o - 6 = -4*c + 25. Suppose -o*u - 16 = -3*p - 88, u - 36 = -2*p. Calculate the greatest common factor of 196 and u.
28
Suppose -878 + 2408 = 5*q. Let w be (-15)/(-8) - 10/(-80). Let i be 4 + 33 - (-1)/(w/(-6)). Calculate the highest common factor of q and i.
34
Suppose -914 = 5*i + 3*t, 172 = -i + 22*t - 19*t. Let l be 15/(-45) - i/3. What is the highest common divisor of l and 18?
6
Let x(h) = 7*h**2 + 7*h + 14. Let i be ((2/1)/((-3)/6))/2. Let s be x(i). What is the greatest common factor of s and 112?
28
Let o be 4/(-26) + (-6549165)/(-4641). What is the highest common factor of 996 and o?
83
Let q(u) = -u**3 - 28*u**2 + 31*u - 46. Let v be q(-29). Let d = 99 - v. What is the highest common factor of d and 29?
29
Let i = 220 + -115. Let q(c) = -c**3 - 24*c**2 + 53*c - 42. Let v be q(-26). Let w = v + i. What is the highest common divisor of 333 and w?
37
Let z = 159 + -152. Suppose s = 25 + 24. Calculate the greatest common divisor of s and z.
7
Let j(z) = -z**2 + 13*z + 133. 